-3*u**3 + u**2 - u - 2. Let b be c(-1). What is the tens digit of l(b)?
3
Suppose -3*a = -128 - 1474. What is the hundreds digit of a?
5
What is the thousands digit of 1062117/630 - (-1)/10?
1
Suppose 0*m = -c + 3*m - 7, 0 = 4*m - 8. Let f = -4 - c. What is the tens digit of 0 - 1*60/f?
2
Let u(i) = 4*i**3 - 4 + 52 + 22 + 2*i**2 - 5*i**3. What is the tens digit of u(0)?
7
Let t = 2 + 1. Let n = 54 + t. What is the units digit of n?
7
Let u(x) = x**3 - 3*x**2 - 6*x + 1. Let l be u(4). Let r = l - -12. Suppose r*s - 2 = 163. What is the tens digit of s?
3
Let c(u) = -u - 10. Let a be c(-7). Let w be (-447)/(-9) + (-1)/a. What is the tens digit of 2/(-10) - (-560)/w?
1
Suppose -4*v + 2*w + 152 = 0, -5*w + 115 = 3*v + 14. Suppose 5*u - 4*z + 44 = 0, 0 = 3*u + 2*u + 3*z + 72. Let s = u + v. What is the tens digit of s?
2
What is the units digit of (95/10)/((-3)/(-210))?
5
Suppose -12*k + 4*u = -17*k + 5725, 0 = -3*k - u + 3428. What is the hundreds digit of k?
1
Let v(a) = a**3 - 6*a**2 + 6*a - 1. Let x be v(5). Let t(n) = -3*n + 20. Let k be t(-9). Suppose k - 151 = -x*y. What is the tens digit of y?
2
Suppose -5*j - 48 = j. What is the tens digit of (j/10)/((-18)/585)?
2
Suppose 67*z + 21770 = 72*z. What is the units digit of z?
4
Let n = -581 - -1297. Suppose -1451 = -11*j + n. What is the tens digit of j?
9
Suppose 34 - 354 = -5*g. Suppose -48*v + 46*v + g = 0. What is the tens digit of v?
3
Suppose -3*m + 0*m = -12, -3*w - 16 = -4*m. Suppose 3*d = -5*o + 311, -4*o + w*d = 4*d - 244. What is the units digit of o?
4
What is the thousands digit of 8/76 - (-1115587)/703?
1
Suppose 2*v - 15 = 67. Suppose -2*a + v + 105 = 0. What is the units digit of a?
3
Let a(w) be the second derivative of w**4/24 - 5*w**3/6 - 2*w**2 - 4*w. Let m(r) be the first derivative of a(r). What is the units digit of m(6)?
1
Let z = 6641 - 487. What is the hundreds digit of z?
1
Suppose 14*f - 15*f = -65. Let u = f - -7. What is the units digit of u?
2
Suppose -5 = -53*o + 52*o. Suppose o*q + 105 = n, 0*n - 2*q = 3*n - 264. What is the units digit of n?
0
Let o be (6/9)/((-4)/(-96)). Let w = 19 - o. Suppose 4*n - 108 = -3*y - y, -w*y + 109 = -4*n. What is the units digit of y?
1
Suppose -5*i + 3286 = -4*v - 7950, -4*i = 4*v - 8960. What is the thousands digit of i?
2
Suppose -4*p + 16 = 0, 10 = 2*b - 0*b - 2*p. Let w(v) = -v**3 + 8*v**2 + 12*v + 6. What is the units digit of w(b)?
3
Let b = -219 - -430. Let a = -83 + b. What is the units digit of a?
8
Let s = -5 - 57. Let p = s - -127. What is the tens digit of p?
6
Let z = 4 - 4. Let t(l) = 2*l - 3. Let o be t(3). Suppose 3*s - 2 - o = -2*w, -3*s + 2*w + 1 = z. What is the units digit of s?
1
Let a(z) = -z**2 + 62*z + 170. What is the tens digit of a(56)?
0
Suppose 3*h - 14 = -4*g, -4*h + h + 3*g = 0. Let f(u) = 2*u - 8 + u + 2*u - 64*u**2 + 66*u**h. What is the tens digit of f(4)?
4
Let s be 12/(-4)*(-4)/3. Let a be (-254)/(-10) + s/(-10). What is the tens digit of a + (-2)/(-8)*0?
2
Let n(l) = l**3 - 17*l**2 + l + 87. What is the hundreds digit of n(19)?
8
Suppose 4*x + 2023 = i, 2*x - 6139 = i - 4*i. What is the units digit of i?
3
Let z be 1/(1 + 12/(-15)). Suppose -5*q = z*v - 265, -q = q + 4*v - 116. What is the units digit of q?
8
Let s(r) be the second derivative of -r**4/6 + 3*r**3/2 - 11*r**2/2 - 5*r. Let p(u) be the first derivative of s(u). What is the units digit of p(-8)?
1
Let h be -1 + 5 - (10 + -6)/4. What is the hundreds digit of 13/((-13)/186)*h/(-3)?
1
Suppose -2*k = 2 - 10. Suppose -o = -k*z - 22, 0 = -5*o + 2*o + 4*z + 26. Suppose -o*y = 2 - 4. What is the units digit of y?
1
Let r be 0 + (-7 - 1 - -2). Let k = r - -9. Suppose 5*t - t = -j + 101, -k*j = 3*t - 78. What is the units digit of t?
5
Suppose -71988 = -10*b - 18*b. What is the units digit of b?
1
Let j = -658 + 661. Let g(r) = 2*r**3 + 4*r**2 - 2*r - 2. Let l be g(2). Let s = l - j. What is the units digit of s?
3
Let o = 5800 - 3170. What is the units digit of o?
0
Suppose -2*b - 1372 = -6*b. What is the units digit of b?
3
Suppose -3*d - 3*z = -27, -3*d - 7 = -4*d - 2*z. Let i = d - 12. Let b(a) = -18*a + 3. What is the units digit of b(i)?
1
What is the hundreds digit of -5 + 15/(-5)*-277?
8
Let p be 1/(-2) - 9/(-2). Let w be ((-124)/12)/(1/(-3)). Suppose -2*m + w = 3*o, -o + 55 = p*m - 2*o. What is the units digit of m?
4
Let v = 23 - 26. Let d = -42 - v. Let b = 61 + d. What is the tens digit of b?
2
Let m(d) = 124*d**2 + 2*d - 11. What is the tens digit of m(2)?
8
Let i be (-4)/5*(-2100)/24. Suppose -i = -4*f + 150. What is the tens digit of f?
5
Suppose -6 = -z - z. Suppose 5*n = z*n + 20. Suppose n*f + 38 = 12*f. What is the units digit of f?
9
Suppose 0 = -2*q + 3*x + 1705, x - 918 - 807 = -2*q. What is the tens digit of q?
6
What is the tens digit of (437*-42)/(-19) + (-12)/(-2)?
7
What is the units digit of (5 + -6)/(9/(-10503))?
7
Let k(o) = o**2 - 7*o + 4. Suppose -2*a + 35 = 3*a. Let t be k(a). What is the units digit of 10/t*(-84)/(-15)?
4
Let l = 67 - -507. What is the units digit of (-2)/(-8) - l/(-8)?
2
Let o(f) = f**2 + 4*f + 24. Let s be o(-16). Let u = s + -106. What is the tens digit of u?
1
Suppose -5*v + 13 = -2*g + g, 3*v - 3*g - 15 = 0. Suppose -v*w = 4*w - 636. What is the units digit of w?
6
Let x(b) = -b**3 + 13*b**2 - 11*b - 7. Let p be x(12). Suppose 0 = 5*m - 5, 2*m - 179 = -p*n + 3*m. What is the units digit of n?
6
Let p(d) = d**3 - 7*d**2 - 4*d + 12. Let f(z) = z**2 + 5*z - 6. Let j be f(-7). Let b be p(j). Suppose 121 + b = 5*h. What is the units digit of h?
3
Let t = -248 - -822. What is the tens digit of t?
7
Suppose -5*q + 5*k = -1 - 24, 4*k = -4*q - 20. Let m(g) = 4*g**2 - 3 - 3*g**2 + 2*g + 2 + q. What is the units digit of m(-4)?
7
Let y(q) = 142*q**3 + 2*q**2 - 11*q + 25. What is the thousands digit of y(3)?
3
Let d(s) = -8*s**3 - s**2 - 8*s + 5. Let t be d(-5). Suppose -9*l + t = -3*l. What is the hundreds digit of l?
1
Let c be 4 - (6 + 2) - -24. Suppose z + 4*m - 81 = 0, -64 - c = -z - m. Suppose -5*s + z + 95 = 0. What is the units digit of s?
6
Let m be (28/(-6))/((-2)/48). Let a = m - 75. Suppose 2*b + 2*o - 7*o = a, 0 = -5*b - 5*o + 145. What is the units digit of b?
6
Suppose 0 = l + 4*l - 25. Suppose -6 = -3*p, l*o + p - 2*p - 323 = 0. What is the units digit of o?
5
Suppose 24*y - y - 35581 = 0. What is the tens digit of y?
4
Suppose -4*k - 20 = 0, 4*a - 2*k = -a + 1050. Suppose 0 = 13*f - 9*f - a. What is the tens digit of f?
5
Suppose -5*o + 1419 = 2*n - 2*o, 5*n - 3*o - 3579 = 0. What is the hundreds digit of n?
7
Let i(x) = -x**2 - 12*x. Let d be i(-12). Suppose 0*c - 3*c + 12 = d. What is the units digit of 44*(10/(-4) + c)?
6
Let r(f) = 3*f**2 - 7*f + 7. Let a be r(2). Let v(c) = -c**3 - c**2 + 3*c + 2. Let q be v(-2). Suppose a*o - 115 + 10 = q. What is the units digit of o?
1
What is the hundreds digit of (21/2 - -2)*(-1008)/(-35)?
3
Let f = 441 + -41. Suppose 5*g - f = 5*l, -l + 4*l = -4*g + 327. What is the units digit of g?
1
Let y(t) = -4*t - 3. Let z be y(3). What is the units digit of (2/(-4))/(z/1290)?
3
Let y be 6/9 - 2/(-6). Let v(q) = 10*q**3 + 2*q**2 - q. Let x be v(y). Suppose x*g - 85 = 6*g. What is the units digit of g?
7
Let k = -71 + -99. Let v = 249 + k. Suppose -4*s + v = 15. What is the tens digit of s?
1
Let g = 2676 + -1711. What is the units digit of g?
5
Let u = -9 - -2. Let m = u - -10. Suppose -155 = -4*h - 5*f, m*f + 23 = -h + 67. What is the units digit of h?
5
Let p = -6 - -14. Let y be (8/6)/(p/708). Suppose -y + 14 = -4*b. What is the units digit of b?
6
Suppose -q = 6*q - 105. What is the units digit of 320/6*(144/q)/4?
8
Let k = -100 - -103. Let m be (2*1)/(3/6). Suppose -3*a + m*a = k. What is the units digit of a?
3
Suppose 0 = 7*l + 22 + 76. Let c(f) = f**3 + 14*f**2 - 6*f - 2. What is the tens digit of c(l)?
8
Let i = 17 + -19. Let m be (-3)/(-3)*3 - i. Suppose -c = 4, -2*l = -m*l - 5*c + 52. What is the tens digit of l?
2
Let d(p) = 14*p**3 - 8*p**3 - 5 + 0*p**2 - 7*p**3 - 6*p**2 + 6*p. Let o be d(-7). Suppose 0 = 5*h, -o*f - 124 = -4*f - h. What is the units digit of f?
2
Suppose -18*n - 1135 = -19*n + m, -5*m = -n + 1123. What is the tens digit of n?
3
Let u(w) = -11*w + 99. Let s be u(0). Let a = -22 - 40. Let q = a + s. What is the te